 ((-245)/35 - -6)?
0
Suppose -5*s = -12*i + 8*i + 930, 0 = 2*i - 10. Let p = -136 - s. What is the units digit of p?
6
Let i be (1 - -2)/((-88)/11 - -9). Suppose -5*m + i*o = -688 + 3, 2*m - 5*o - 293 = 0. What is the tens digit of m?
3
Suppose -16*t + 21*t - 15 = 0. Suppose 4*i - 2*f - 1551 = 1413, t*f = -5*i + 3716. What is the hundreds digit of i?
7
Suppose -41*z + 57*z = 112612 + 311484. What is the units digit of z?
6
Let n be (11 - 9)/(2/(-333)). Let z = n - -794. What is the tens digit of z?
6
Let z = -1287 + 1990. Let b = z + -115. Suppose 0 = 2*u - 6, -k - b = -5*k - 4*u. What is the hundreds digit of k?
1
Suppose 0 = -z - 4*n + 29 - 15, 4*n = z - 14. Suppose 3*u - z*u + 17853 = 0. What is the thousands digit of u?
1
Let v(p) = 346*p - 194. What is the tens digit of v(17)?
8
Suppose -213 = -3*v + 2*l + l, 0 = 3*v - 5*l - 219. Let q = 92 - v. What is the units digit of (18/q)/((6/(-200))/(-3))?
5
Suppose 3*u - 10*s = -9*s + 4, 3*u = -s + 8. What is the units digit of u + 6 + -3 - (-25 + -4)?
4
Let n = 12786 - -2407. What is the ten thousands digit of n?
1
Let b be -2*2/(-6) - (-40)/(-6). Let o(m) = 22 - 32*m + 8*m - m. What is the tens digit of o(b)?
7
Let g be (-20*2)/2 - 0. Let z = 70 + 38. Let n = z - g. What is the units digit of n?
8
Let i = -321 - -281. Let m = 25 - 52. Let p = m - i. What is the tens digit of p?
1
Suppose 0 = b - g - 6 - 4, -2*g - 62 = -5*b. Let n be ((-44)/3)/(b/42). Let c = n - -86. What is the units digit of c?
2
Let g be (-1)/(2 - (-52)/(-10) - -3). Suppose 3*l + 3 = -3*p - 0, g*l = 2*p + 30. What is the units digit of (l + -190)*(-2)/4?
3
Let d = -12329 - -18129. What is the tens digit of d?
0
Suppose 2*y + 7339 = 5*r - 2707, 10055 = 5*r - 5*y. What is the units digit of r?
8
Let u = -2434 - -6086. What is the units digit of u?
2
What is the hundreds digit of (-4913391)/(-476) + -2 + 14/8?
3
Suppose 0 = 18*v + 34166 - 129944. What is the thousands digit of v?
5
Let w(v) = -v**3 + 10*v**2 - 12*v - 12. Let y be w(9). Let t = y + 39. Suppose -2*s + 5*f = 3*f - 398, -3*f - 3 = t. What is the hundreds digit of s?
1
Let z(v) = 5*v**2 + 47*v - 3533. What is the thousands digit of z(-114)?
6
What is the tens digit of (6/8)/(57/228) + 30555?
5
Let m(c) = -c**3 + 3*c**2 - 4*c + 2. Let n be m(2). Let i be -140 + 151 + 1*-13. What is the tens digit of (i + n - -63) + 4?
6
Let k(v) = 8*v**3 - 50*v**2 - 73*v + 144. Let w(j) = 3*j**3 - 17*j**2 - 24*j + 49. Let t(x) = 4*k(x) - 11*w(x). What is the hundreds digit of t(-15)?
9
Let y(w) = -163*w - 1. Suppose 4*r - 24 = 4*f, -3*f - 3*r - 18 = -8*r. What is the units digit of y(f)?
7
Suppose -880 = 6*w + 74. Let t = -103 - w. What is the tens digit of t?
5
Suppose 0 = -10*w + 18*w - 1568. Suppose 11219 = -183*d + w*d. What is the units digit of d?
3
Suppose 22*g = 13396 + 8252. What is the hundreds digit of g*(-2)/(-20)*(-25)/(-2)?
2
Let a(u) = u + 17. Let j be a(-17). Suppose -2*l + l + 2*l = j. Suppose -5*z + 871 - 111 = l. What is the hundreds digit of z?
1
Let d(q) = q**3 + 84*q**2 - 112*q - 861. What is the hundreds digit of d(-81)?
8
Let n be ((-17)/2)/(-1)*172. Let t = 2246 - n. Suppose 42 = -7*b + t. What is the hundreds digit of b?
1
Let c(k) = -221*k + 75*k - 157 + 102*k. What is the tens digit of c(-13)?
1
Suppose 127*h - 125*h - 1160 = 0. Suppose -604 = -2*a + 4*j, h = 2*a - 17*j + 19*j. What is the tens digit of a?
9
Suppose -120394 = p - 11*p - 24*p. What is the tens digit of p?
4
Suppose -7*n - 492 = -6407. What is the hundreds digit of n?
8
Suppose -7*t + 29 = -6. Suppose -4*y + 2*m - 10 = 0, -5*y + 8*m - 7*m = t. Suppose y = -5*l + 328 + 257. What is the hundreds digit of l?
1
Let o(k) = 7537*k - 17. What is the hundreds digit of o(1)?
5
Suppose -u + 661 + 5900 = -s, s + 13126 = 2*u. What is the thousands digit of u?
6
Let h = 126 + 541. Suppose 3*x - 403 = 2*w, 2*x + w = 7*x - h. What is the hundreds digit of x?
1
Let j = -9932 + 14167. What is the hundreds digit of j?
2
Let d = 106 + -101. Suppose -d*u + 3*f = -4*u - 9111, 5*f = 5. What is the hundreds digit of u/56 - 1/(-4)?
1
Suppose 3*x = 5*v - 448, 0 = 55*v - 52*v + 3*x - 288. Suppose -v = -a - q + 81, -2*a + 5*q + 318 = 0. What is the units digit of a?
9
Let t = 121 - 67. Suppose -3*o - 68 = 2*y - 18, 4*y = 5*o + t. What is the units digit of (-2)/o + (-1329)/(-7)?
0
Suppose 134*k + 690 = 38*k + 18. Let o(a) be the second derivative of a**3/6 + 19*a**2/2 - a. What is the tens digit of o(k)?
1
Let q = 13797 + -2362. What is the thousands digit of q?
1
Suppose 49*p - 365319 = 240200 + 165741. What is the ten thousands digit of p?
1
Suppose 16*d = 19*d - 12. Let h be (-2 - (-339)/d) + (-3)/(-12). Suppose 0*r - h = -r. What is the tens digit of r?
8
Let j = -182 - -315. Let q = 81 + -40. Suppose v + q = j. What is the units digit of v?
2
Suppose c - 4*g - 299 = 0, -g = 3*c - 423 - 487. What is the units digit of (-8)/(-4 - (-1209)/c)?
8
Suppose -5*f - 3350 + 23445 = 5*a, -2*f + 16078 = 4*a. What is the tens digit of a?
2
Let v be 1/5 - (-1068885)/75. Suppose 33*r = 5*r + v. What is the units digit of r?
9
Let j(y) = 14*y - 1. Let v = -26 - 9. Let w = 37 + v. What is the tens digit of j(w)?
2
Let o = 37611 - 23181. What is the hundreds digit of o?
4
Suppose -15*u - 588948 = 38*u - 87*u. What is the thousands digit of u?
7
Suppose k - 2 = -g, -3*k + 4*g - 14 = -k. What is the units digit of (18 - -239) + (0 - k)?
8
Suppose 0 = 2*t + n - 268, 4*t = 3*n + 452 + 94. Suppose 0 = -7*z + 3*z + 2136. What is the units digit of (12/(-9))/(-4 + z/t)?
0
Let l be (27/(-2))/((-12)/(-6 + 30)). Suppose 22*w - l*w = -2695. What is the units digit of w?
9
Suppose 5*y + 226 = g - 208, -812 = -2*g - 4*y. Suppose -g = -5*o - 5*j + 451, -4*j + 344 = 2*o. What is the units digit of o?
4
Let c(u) = -24*u + 4. Let s be c(0). What is the units digit of (2169/(-12))/((-3)/s)?
1
Let u(l) = 3*l**2 - 4*l + 9. Let p be u(3). Suppose p*d - 38 = 22*d. What is the units digit of d?
9
Suppose 3*w - 4720 = -o, 101*o - 106*o = -5*w - 23680. What is the units digit of o?
2
What is the thousands digit of -50*3/((-54)/3951)?
0
Let b = -320 + 384. What is the tens digit of (-3570)/28*b/(-10)?
1
Suppose -2*f + 15 = 5*d, 3*d = -2 - 1. Suppose b - f*g - 551 = -7*g, -2*g = -8. What is the units digit of b?
3
Let s = -963 - -1648. Let z = -126 + s. What is the units digit of z?
9
Let p(k) = 7*k**2 + 7*k - 4. Let x be p(-2). What is the tens digit of (-9)/45 + ((-7404)/x)/(-2)?
7
Let n be (28/98 + 22/(-28))*-8. What is the hundreds digit of n/(-6)*9 - -726?
7
Let d(m) = m**3 + 10*m**2 - 9*m. Let y be (-14)/2 + 38 + -39. What is the hundreds digit of d(y)?
2
Let y(v) be the third derivative of v**5/30 + 29*v**4/24 + 12*v**3 - 18*v**2 - 1. What is the units digit of y(-21)?
5
Let p(q) = -2 + 3 - 7*q + 1 + 0 + q**2. Let v be p(7). Suppose v*r + 86 = 2*b - 34, 0 = 2*b + 2*r - 100. What is the units digit of b?
5
Let g = -56 + 66. Suppose 0 + 35 = -5*v - 3*l, 2*l + g = 0. What is the tens digit of 1 + v + (-42)/(-3)?
1
Suppose 4*u = 3*u + 255. Suppose 0 = 5*q + 5*c + u, 8 = 2*c + 2*c. Let y = -46 - q. What is the units digit of y?
7
Let d be -94*3*1/(-6). Suppose -d + 27 = -5*p. Suppose -p*m = 2*m - 300. What is the units digit of m?
0
Let y(v) = 2*v**3 - 6*v**2 - 20*v - 1. Let m(z) = z**3 - z**2 + z. Let l(j) = m(j) + y(j). What is the hundreds digit of l(6)?
2
Suppose -61*u + 172892 = 4*o - 51*u, -4*u = -o + 43184. What is the thousands digit of o?
3
Suppose -4*d = 3*n - 7061, 31*n - 28*n = 4*d + 7069. What is the thousands digit of n?
2
Suppose 7*g = 43 - 15. Suppose -g*i - 2844 = -8*i. What is the hundreds digit of i?
7
Let d(k) = k**3 + 14*k**2 + 2*k + 5. Let t be d(-8). Let i = 731 - t. What is the units digit of i?
8
Let c(u) = 19*u**2 - 3*u + 1. Let y(w) = -w**2 + 15*w - 27. Let p be y(12). Suppose -7 = 5*d - 2, 0 = 5*g + d - p. What is the units digit of c(g)?
1
Let i = -58 - -67. Let h(u) = 32*u - 23. What is the tens digit of h(i)?
6
Suppose -3*a = -5*z - 334, 4*z + 0*z - 316 = -3*a. Let u be 12 - (44/2 - 12). Suppose -a = -4*y - u*y. What is the tens digit of y?
1
Let f(h) = -6447*h**3 - h**2 - h - 1. What is the tens digit of f(-1)?
4
Let b be ((-424)/(-40) - 7)/((-3)/80). Suppose -2 = q - 2*q. What is the units digit of 2 + q + -6 - b?
4
Le